[INFO] cloning repository https://github.com/JoshOrndorff/advent-of-code-2019
[INFO] running `Command { std: "git" "-c" "credential.helper=" "-c" "credential.helper=/workspace/cargo-home/bin/git-credential-null" "clone" "--bare" "https://github.com/JoshOrndorff/advent-of-code-2019" "/workspace/cache/git-repos/https%3A%2F%2Fgithub.com%2FJoshOrndorff%2Fadvent-of-code-2019", kill_on_drop: false }`
[INFO] [stderr] Cloning into bare repository '/workspace/cache/git-repos/https%3A%2F%2Fgithub.com%2FJoshOrndorff%2Fadvent-of-code-2019'...
[INFO] running `Command { std: "git" "rev-parse" "HEAD", kill_on_drop: false }`
[INFO] [stdout] b04cbf36be0cd223f5beaa88d0e8cf13e6ae8fe7
[INFO] checking JoshOrndorff/advent-of-code-2019 against master#e6e4f7ed1589e03bc2f6c5931c1a72e7947e8682 for beta-170-4
[INFO] running `Command { std: "git" "clone" "/workspace/cache/git-repos/https%3A%2F%2Fgithub.com%2FJoshOrndorff%2Fadvent-of-code-2019" "/workspace/builds/worker-7-tc2/source", kill_on_drop: false }`
[INFO] [stderr] Cloning into '/workspace/builds/worker-7-tc2/source'...
[INFO] [stderr] done.
[INFO] validating manifest of git repo https://github.com/JoshOrndorff/advent-of-code-2019 on toolchain e6e4f7ed1589e03bc2f6c5931c1a72e7947e8682
[INFO] running `Command { std: CARGO_HOME="/workspace/cargo-home" RUSTUP_HOME="/workspace/rustup-home" "/workspace/cargo-home/bin/cargo" "+e6e4f7ed1589e03bc2f6c5931c1a72e7947e8682" "metadata" "--manifest-path" "Cargo.toml" "--no-deps", kill_on_drop: false }`
[INFO] started tweaking git repo https://github.com/JoshOrndorff/advent-of-code-2019
[INFO] finished tweaking git repo https://github.com/JoshOrndorff/advent-of-code-2019
[INFO] tweaked toml for git repo https://github.com/JoshOrndorff/advent-of-code-2019 written to /workspace/builds/worker-7-tc2/source/Cargo.toml
[INFO] crate git repo https://github.com/JoshOrndorff/advent-of-code-2019 already has a lockfile, it will not be regenerated
[INFO] running `Command { std: CARGO_HOME="/workspace/cargo-home" RUSTUP_HOME="/workspace/rustup-home" "/workspace/cargo-home/bin/cargo" "+e6e4f7ed1589e03bc2f6c5931c1a72e7947e8682" "fetch" "--manifest-path" "Cargo.toml", kill_on_drop: false }`
[INFO] [stderr] warning: /workspace/builds/worker-7-tc2/source/Cargo.toml: file `/workspace/builds/worker-7-tc2/source/day02/src/main.rs` found to be present in multiple build targets:
[INFO] [stderr]   * `bin` target `day2`
[INFO] [stderr]   * `bin` target `day3`
[INFO] running `Command { std: "docker" "create" "-v" "/var/lib/crater-agent-workspace/builds/worker-7-tc2/target:/opt/rustwide/target:rw,Z" "-v" "/var/lib/crater-agent-workspace/builds/worker-7-tc2/source:/opt/rustwide/workdir:ro,Z" "-v" "/var/lib/crater-agent-workspace/cargo-home:/opt/rustwide/cargo-home:ro,Z" "-v" "/var/lib/crater-agent-workspace/rustup-home:/opt/rustwide/rustup-home:ro,Z" "-e" "SOURCE_DIR=/opt/rustwide/workdir" "-e" "CARGO_TARGET_DIR=/opt/rustwide/target" "-e" "CARGO_HOME=/opt/rustwide/cargo-home" "-e" "RUSTUP_HOME=/opt/rustwide/rustup-home" "-w" "/opt/rustwide/workdir" "-m" "1610612736" "--user" "0:0" "--network" "none" "ghcr.io/rust-lang/crates-build-env/linux@sha256:19e73879b68f455e41552ea35293514db52ea292d993f571636dbffedb77a1ee" "/opt/rustwide/cargo-home/bin/cargo" "+e6e4f7ed1589e03bc2f6c5931c1a72e7947e8682" "metadata" "--no-deps" "--format-version=1", kill_on_drop: false }`
[INFO] [stdout] 00b19c56d41867c118f003b20d54d30b920a01968f51336083aed1c9f6a793de
[INFO] running `Command { std: "docker" "start" "-a" "00b19c56d41867c118f003b20d54d30b920a01968f51336083aed1c9f6a793de", kill_on_drop: false }`
[INFO] running `Command { std: "docker" "inspect" "00b19c56d41867c118f003b20d54d30b920a01968f51336083aed1c9f6a793de", kill_on_drop: false }`
[INFO] running `Command { std: "docker" "rm" "-f" "00b19c56d41867c118f003b20d54d30b920a01968f51336083aed1c9f6a793de", kill_on_drop: false }`
[INFO] [stdout] 00b19c56d41867c118f003b20d54d30b920a01968f51336083aed1c9f6a793de
[INFO] running `Command { std: "docker" "create" "-v" "/var/lib/crater-agent-workspace/builds/worker-7-tc2/target:/opt/rustwide/target:rw,Z" "-v" "/var/lib/crater-agent-workspace/builds/worker-7-tc2/source:/opt/rustwide/workdir:ro,Z" "-v" "/var/lib/crater-agent-workspace/cargo-home:/opt/rustwide/cargo-home:ro,Z" "-v" "/var/lib/crater-agent-workspace/rustup-home:/opt/rustwide/rustup-home:ro,Z" "-e" "SOURCE_DIR=/opt/rustwide/workdir" "-e" "CARGO_TARGET_DIR=/opt/rustwide/target" "-e" "CARGO_INCREMENTAL=0" "-e" "RUST_BACKTRACE=full" "-e" "RUSTFLAGS=--cap-lints=forbid" "-e" "RUSTDOCFLAGS=--cap-lints=forbid" "-e" "CARGO_HOME=/opt/rustwide/cargo-home" "-e" "RUSTUP_HOME=/opt/rustwide/rustup-home" "-w" "/opt/rustwide/workdir" "-m" "1610612736" "--user" "0:0" "--network" "none" "ghcr.io/rust-lang/crates-build-env/linux@sha256:19e73879b68f455e41552ea35293514db52ea292d993f571636dbffedb77a1ee" "/opt/rustwide/cargo-home/bin/cargo" "+e6e4f7ed1589e03bc2f6c5931c1a72e7947e8682" "check" "--frozen" "--all" "--all-targets" "--message-format=json", kill_on_drop: false }`
[INFO] [stdout] 7127447f0836b922e05791b3c07c0fc4270da88810a58f6d266a54ded05932d6
[INFO] running `Command { std: "docker" "start" "-a" "7127447f0836b922e05791b3c07c0fc4270da88810a58f6d266a54ded05932d6", kill_on_drop: false }`
[INFO] [stderr] warning: /opt/rustwide/workdir/Cargo.toml: file `/opt/rustwide/workdir/day02/src/main.rs` found to be present in multiple build targets:
[INFO] [stderr]   * `bin` target `day2`
[INFO] [stderr]   * `bin` target `day3`
[INFO] [stderr]     Checking intcode v0.1.0 (/opt/rustwide/workdir/intcode)
[INFO] [stderr]    Compiling num-traits v0.2.12
[INFO] [stderr]    Compiling num-integer v0.1.43
[INFO] [stderr]     Checking day14 v0.1.0 (/opt/rustwide/workdir/day14)
[INFO] [stderr]     Checking AOC2019 v0.1.0 (/opt/rustwide/workdir)
[INFO] [stderr]     Checking day04 v0.1.0 (/opt/rustwide/workdir/day04)
[INFO] [stderr]     Checking day06 v0.1.0 (/opt/rustwide/workdir/day06)
[INFO] [stderr]     Checking day03 v0.1.0 (/opt/rustwide/workdir/day03)
[INFO] [stderr]     Checking day08 v0.1.0 (/opt/rustwide/workdir/day08)
[INFO] [stderr]     Checking day01 v0.1.0 (/opt/rustwide/workdir/day01)
[INFO] [stdout] error[E0432]: unresolved import `intcode`
[INFO] [stdout]  --> day02/src/main.rs:1:5
[INFO] [stdout]   |
[INFO] [stdout] 1 | use intcode::Intcode;
[INFO] [stdout]   |     ^^^^^^^ use of undeclared crate or module `intcode`
[INFO] [stdout] 
[INFO] [stdout] 
[INFO] [stdout] warning: unused imports: `HashSet`, `convert::TryInto`
[INFO] [stdout]  --> day14/src/main.rs:2:28
[INFO] [stdout]   |
[INFO] [stdout] 2 |     collections::{HashMap, HashSet},
[INFO] [stdout]   |                            ^^^^^^^
[INFO] [stdout] 3 |     convert::TryInto,
[INFO] [stdout]   |     ^^^^^^^^^^^^^^^^
[INFO] [stdout]   |
[INFO] [stdout]   = note: `#[warn(unused_imports)]` on by default
[INFO] [stdout] 
[INFO] [stdout] 
[INFO] [stdout] warning: unused imports: `HashSet`, `convert::TryInto`
[INFO] [stdout]  --> day14/src/main.rs:2:28
[INFO] [stdout]   |
[INFO] [stdout] 2 |     collections::{HashMap, HashSet},
[INFO] [stdout]   |                            ^^^^^^^
[INFO] [stdout] 3 |     convert::TryInto,
[INFO] [stdout]   |     ^^^^^^^^^^^^^^^^
[INFO] [stdout]   |
[INFO] [stdout]   = note: `#[warn(unused_imports)]` on by default
[INFO] [stdout] 
[INFO] [stdout] 
[INFO] [stdout] error[E0432]: unresolved import `intcode`
[INFO] [stdout]  --> day02/src/main.rs:1:5
[INFO] [stdout]   |
[INFO] [stdout] 1 | use intcode::Intcode;
[INFO] [stdout]   |     ^^^^^^^ use of undeclared crate or module `intcode`
[INFO] [stdout] 
[INFO] [stdout] 
[INFO] [stdout] error: aborting due to previous error
[INFO] [stdout] 
[INFO] [stdout] 
[INFO] [stdout] For more information about this error, try `rustc --explain E0432`.
[INFO] [stdout] 
[INFO] [stderr] error: could not compile `AOC2019` (bin "day2" test) due to 2 previous errors
[INFO] [stderr] warning: build failed, waiting for other jobs to finish...
[INFO] [stdout] error: aborting due to previous error
[INFO] [stdout] 
[INFO] [stdout] 
[INFO] [stdout] For more information about this error, try `rustc --explain E0432`.
[INFO] [stdout] 
[INFO] [stderr] error: could not compile `AOC2019` (bin "day2") due to 2 previous errors
[INFO] [stdout] error[E0432]: unresolved import `intcode`
[INFO] [stdout]  --> day02/src/main.rs:1:5
[INFO] [stdout]   |
[INFO] [stdout] 1 | use intcode::Intcode;
[INFO] [stdout]   |     ^^^^^^^ use of undeclared crate or module `intcode`
[INFO] [stdout] 
[INFO] [stdout] 
[INFO] [stdout] warning: value assigned to `candidate` is never read
[INFO] [stdout]    --> day14/src/main.rs:158:13
[INFO] [stdout]     |
[INFO] [stdout] 158 |     let mut candidate = 0u64;
[INFO] [stdout]     |             ^^^^^^^^^
[INFO] [stdout]     |
[INFO] [stdout]     = help: maybe it is overwritten before being read?
[INFO] [stdout]     = note: `#[warn(unused_assignments)]` on by default
[INFO] [stdout] 
[INFO] [stdout] 
[INFO] [stdout] error: aborting due to previous error
[INFO] [stdout] 
[INFO] [stdout] 
[INFO] [stdout] For more information about this error, try `rustc --explain E0432`.
[INFO] [stdout] 
[INFO] [stderr] error: could not compile `AOC2019` (bin "day3" test) due to 2 previous errors
[INFO] [stdout] warning: 2 warnings emitted
[INFO] [stdout] 
[INFO] [stdout] 
[INFO] [stdout] error[E0432]: unresolved import `intcode`
[INFO] [stdout]  --> day02/src/main.rs:1:5
[INFO] [stdout]   |
[INFO] [stdout] 1 | use intcode::Intcode;
[INFO] [stdout]   |     ^^^^^^^ use of undeclared crate or module `intcode`
[INFO] [stdout] 
[INFO] [stdout] 
[INFO] [stdout] warning: value assigned to `candidate` is never read
[INFO] [stdout]    --> day14/src/main.rs:158:13
[INFO] [stdout]     |
[INFO] [stdout] 158 |     let mut candidate = 0u64;
[INFO] [stdout]     |             ^^^^^^^^^
[INFO] [stdout]     |
[INFO] [stdout]     = help: maybe it is overwritten before being read?
[INFO] [stdout]     = note: `#[warn(unused_assignments)]` on by default
[INFO] [stdout] 
[INFO] [stdout] 
[INFO] [stdout] error: aborting due to previous error
[INFO] [stdout] 
[INFO] [stdout] 
[INFO] [stdout] For more information about this error, try `rustc --explain E0432`.
[INFO] [stdout] 
[INFO] [stderr] error: could not compile `AOC2019` (bin "day3") due to 2 previous errors
[INFO] [stdout] warning: 2 warnings emitted
[INFO] [stdout] 
[INFO] [stdout] 
[INFO] [stdout] error[E0061]: this function takes 1 argument but 2 arguments were supplied
[INFO] [stdout]    --> day03/src/main.rs:130:20
[INFO] [stdout]     |
[INFO] [stdout] 130 |         assert_eq!(part1("R8,U5,L5,D3", "U7,R6,D4,L4"), 6);
[INFO] [stdout]     |                    ^^^^^                ------------- unexpected argument of type `&'static str`
[INFO] [stdout]     |
[INFO] [stdout] note: expected `&HashSet<Point>`, found `&str`
[INFO] [stdout]    --> day03/src/main.rs:130:26
[INFO] [stdout]     |
[INFO] [stdout] 130 |         assert_eq!(part1("R8,U5,L5,D3", "U7,R6,D4,L4"), 6);
[INFO] [stdout]     |                          ^^^^^^^^^^^^^
[INFO] [stdout]     = note: expected reference `&HashSet<Point>`
[INFO] [stdout]                found reference `&'static str`
[INFO] [stdout] note: function defined here
[INFO] [stdout]    --> day03/src/main.rs:61:4
[INFO] [stdout]     |
[INFO] [stdout] 61  | fn part1(points: &HashSet<Point>) -> usize {
[INFO] [stdout]     |    ^^^^^ -----------------------
[INFO] [stdout] help: remove the extra argument
[INFO] [stdout]     |
[INFO] [stdout] 130 -         assert_eq!(part1("R8,U5,L5,D3", "U7,R6,D4,L4"), 6);
[INFO] [stdout] 130 +         assert_eq!(part1(/* &HashSet<Point> */), 6);
[INFO] [stdout]     |
[INFO] [stdout] 
[INFO] [stdout] 
[INFO] [stdout] error[E0061]: this function takes 1 argument but 2 arguments were supplied
[INFO] [stdout]    --> day03/src/main.rs:136:13
[INFO] [stdout]     |
[INFO] [stdout] 136 |             part1(
[INFO] [stdout]     |             ^^^^^
[INFO] [stdout] 137 |                 "R75,D30,R83,U83,L12,D49,R71,U7,L72",
[INFO] [stdout] 138 |                 "U62,R66,U55,R34,D71,R55,D58,R83"
[INFO] [stdout]     |                 --------------------------------- unexpected argument of type `&'static str`
[INFO] [stdout]     |
[INFO] [stdout] note: expected `&HashSet<Point>`, found `&str`
[INFO] [stdout]    --> day03/src/main.rs:137:17
[INFO] [stdout]     |
[INFO] [stdout] 137 |                 "R75,D30,R83,U83,L12,D49,R71,U7,L72",
[INFO] [stdout]     |                 ^^^^^^^^^^^^^^^^^^^^^^^^^^^^^^^^^^^^
[INFO] [stdout]     = note: expected reference `&HashSet<Point>`
[INFO] [stdout]                found reference `&'static str`
[INFO] [stdout] note: function defined here
[INFO] [stdout]    --> day03/src/main.rs:61:4
[INFO] [stdout]     |
[INFO] [stdout] 61  | fn part1(points: &HashSet<Point>) -> usize {
[INFO] [stdout]     |    ^^^^^ -----------------------
[INFO] [stdout] help: remove the extra argument
[INFO] [stdout]     |
[INFO] [stdout] 137 -                 "R75,D30,R83,U83,L12,D49,R71,U7,L72",
[INFO] [stdout] 137 +                 /* &HashSet<Point> */
[INFO] [stdout]     |
[INFO] [stdout] 
[INFO] [stdout] 
[INFO] [stdout] error[E0061]: this function takes 1 argument but 2 arguments were supplied
[INFO] [stdout]    --> day03/src/main.rs:147:13
[INFO] [stdout]     |
[INFO] [stdout] 147 |             part1(
[INFO] [stdout]     |             ^^^^^
[INFO] [stdout] 148 |                 "R98,U47,R26,D63,R33,U87,L62,D20,R33,U53,R51",
[INFO] [stdout] 149 |                 "U98,R91,D20,R16,D67,R40,U7,R15,U6,R7"
[INFO] [stdout]     |                 -------------------------------------- unexpected argument of type `&'static str`
[INFO] [stdout]     |
[INFO] [stdout] note: expected `&HashSet<Point>`, found `&str`
[INFO] [stdout]    --> day03/src/main.rs:148:17
[INFO] [stdout]     |
[INFO] [stdout] 148 |                 "R98,U47,R26,D63,R33,U87,L62,D20,R33,U53,R51",
[INFO] [stdout]     |                 ^^^^^^^^^^^^^^^^^^^^^^^^^^^^^^^^^^^^^^^^^^^^^
[INFO] [stdout]     = note: expected reference `&HashSet<Point>`
[INFO] [stdout]                found reference `&'static str`
[INFO] [stdout] note: function defined here
[INFO] [stdout]    --> day03/src/main.rs:61:4
[INFO] [stdout]     |
[INFO] [stdout] 61  | fn part1(points: &HashSet<Point>) -> usize {
[INFO] [stdout]     |    ^^^^^ -----------------------
[INFO] [stdout] help: remove the extra argument
[INFO] [stdout]     |
[INFO] [stdout] 148 -                 "R98,U47,R26,D63,R33,U87,L62,D20,R33,U53,R51",
[INFO] [stdout] 148 +                 /* &HashSet<Point> */
[INFO] [stdout]     |
[INFO] [stdout] 
[INFO] [stdout] 
[INFO] [stdout] error: aborting due to 3 previous errors
[INFO] [stdout] 
[INFO] [stdout] 
[INFO] [stdout] For more information about this error, try `rustc --explain E0061`.
[INFO] [stdout] 
[INFO] [stderr] error: could not compile `day03` (bin "day03" test) due to 4 previous errors
[INFO] running `Command { std: "docker" "inspect" "7127447f0836b922e05791b3c07c0fc4270da88810a58f6d266a54ded05932d6", kill_on_drop: false }`
[INFO] running `Command { std: "docker" "rm" "-f" "7127447f0836b922e05791b3c07c0fc4270da88810a58f6d266a54ded05932d6", kill_on_drop: false }`
[INFO] [stdout] 7127447f0836b922e05791b3c07c0fc4270da88810a58f6d266a54ded05932d6
